{"id":207,"date":"2021-10-27T18:46:05","date_gmt":"2021-10-27T16:46:05","guid":{"rendered":"http:\/\/jasnezezmiana.pl\/?page_id=207"},"modified":"2025-10-06T09:41:15","modified_gmt":"2025-10-06T07:41:15","slug":"program-asystent-osobisty-osoby-niepelnosprawnej-edycja-2021-dabrowa-gornicza","status":"publish","type":"page","link":"https:\/\/jasnezezmiana.pl\/index.php\/program-asystent-osobisty-osoby-niepelnosprawnej-edycja-2021-dabrowa-gornicza\/","title":{"rendered":"Program &#8222;Asystent osobisty osoby niepe\u0142nosprawnej&#8221;- edycja 2021 D\u0105browa G\u00f3rnicza"},"content":{"rendered":"\t\t<div data-elementor-type=\"wp-page\" data-elementor-id=\"207\" class=\"elementor elementor-207\">\n\t\t\t\t\t\t<section class=\"elementor-section elementor-top-section elementor-element elementor-element-b753276 elementor-section-boxed elementor-section-height-default elementor-section-height-default\" data-id=\"b753276\" data-element_type=\"section\">\n\t\t\t\t\t\t<div class=\"elementor-container elementor-column-gap-default\">\n\t\t\t\t\t<div class=\"elementor-column elementor-col-100 elementor-top-column elementor-element elementor-element-3badd2f\" data-id=\"3badd2f\" data-element_type=\"column\">\n\t\t\t<div class=\"elementor-widget-wrap elementor-element-populated\">\n\t\t\t\t\t\t<div class=\"elementor-element elementor-element-bd2c046 elementor-widget elementor-widget-image\" data-id=\"bd2c046\" data-element_type=\"widget\" data-widget_type=\"image.default\">\n\t\t\t\t<div class=\"elementor-widget-container\">\n\t\t\t\t\t\t\t\t\t\t\t\t\t<img fetchpriority=\"high\" decoding=\"async\" width=\"525\" height=\"739\" src=\"https:\/\/jasnezezmiana.pl\/wp-content\/uploads\/2021\/10\/2-727x1024.png\" class=\"attachment-large size-large wp-image-215\" alt=\"\" srcset=\"https:\/\/jasnezezmiana.pl\/wp-content\/uploads\/2021\/10\/2-727x1024.png 727w, https:\/\/jasnezezmiana.pl\/wp-content\/uploads\/2021\/10\/2-213x300.png 213w, https:\/\/jasnezezmiana.pl\/wp-content\/uploads\/2021\/10\/2-768x1082.png 768w, https:\/\/jasnezezmiana.pl\/wp-content\/uploads\/2021\/10\/2.png 1336w\" sizes=\"100vw\" \/>\t\t\t\t\t\t\t\t\t\t\t\t\t<\/div>\n\t\t\t\t<\/div>\n\t\t\t\t\t<\/div>\n\t\t<\/div>\n\t\t\t\t\t<\/div>\n\t\t<\/section>\n\t\t\t\t<section class=\"elementor-section elementor-top-section elementor-element elementor-element-385301e elementor-section-boxed elementor-section-height-default elementor-section-height-default\" data-id=\"385301e\" data-element_type=\"section\">\n\t\t\t\t\t\t<div class=\"elementor-container elementor-column-gap-default\">\n\t\t\t\t\t<div class=\"elementor-column elementor-col-100 elementor-top-column elementor-element elementor-element-b4470c4\" data-id=\"b4470c4\" data-element_type=\"column\">\n\t\t\t<div class=\"elementor-widget-wrap elementor-element-populated\">\n\t\t\t\t\t\t<div class=\"elementor-element elementor-element-e93b050 elementor-widget elementor-widget-text-editor\" data-id=\"e93b050\" data-element_type=\"widget\" data-widget_type=\"text-editor.default\">\n\t\t\t\t<div class=\"elementor-widget-container\">\n\t\t\t\t\t\t\t<div>DOFINANSOWANO ZE \u015aRODK\u00d3W<\/div><div>FUNDUSZU SOLIDARNO\u015aCIOWEGO<br \/>&#8222;Asystent osobisty osoby niepe\u0142nosprawnej&#8221; edycja 2021<br \/>FUNDUSZU SOLIDARNO\u015aCIOWEGO<br \/>&#8222;Opieka wytchnieniowa&#8221; edycja 2021<\/div>\t\t\t\t\t\t<\/div>\n\t\t\t\t<\/div>\n\t\t\t\t\t<\/div>\n\t\t<\/div>\n\t\t\t\t\t<\/div>\n\t\t<\/section>\n\t\t\t\t<section class=\"elementor-section elementor-top-section elementor-element elementor-element-82457a0 elementor-section-boxed elementor-section-height-default elementor-section-height-default\" data-id=\"82457a0\" data-element_type=\"section\">\n\t\t\t\t\t\t<div class=\"elementor-container elementor-column-gap-default\">\n\t\t\t\t\t<div class=\"elementor-column elementor-col-100 elementor-top-column elementor-element elementor-element-0e49c9d\" data-id=\"0e49c9d\" data-element_type=\"column\">\n\t\t\t<div class=\"elementor-widget-wrap elementor-element-populated\">\n\t\t\t\t\t\t<div class=\"elementor-element elementor-element-5d5201a elementor-widget elementor-widget-text-editor\" data-id=\"5d5201a\" data-element_type=\"widget\" data-widget_type=\"text-editor.default\">\n\t\t\t\t<div class=\"elementor-widget-container\">\n\t\t\t\t\t\t\t<p>W ramach resortowego Programu Ministra Rodziny i Polityki Spo\u0142ecznej pt. \u201cAsystent osobisty osoby niepe\u0142nosprawnej\u201d \u2013 edycja 2021\u201d Gmina D\u0105browa G\u00f3rnicza otrzyma\u0142a dofinansowanie ze \u015brodk\u00f3w pochodz\u0105cych z Funduszu Solidarno\u015bciowego na realizacj\u0119 dzia\u0142a\u0144 w ramach programu na jej terenie. Program realizowany jest od sierpnia do 20 grudnia 2021.<\/p><p>Dofinansowanie 1 019 490 z\u0142 <br \/>Ca\u0142kowita warto\u015b\u0107 1 019 490 z\u0142<\/p><p>\u00a0<\/p><p>\u00a0Celem Programu jest wprowadzenie us\u0142ugi asystenta jako formy og\u00f3lnodost\u0119pnego wsparcia dla:<\/p><ul><li>dzieci do 16 roku \u017cycia z orzeczeniem o niepe\u0142nosprawno\u015bci \u0142\u0105cznie ze wskazaniami: konieczno\u015bci sta\u0142ej lub d\u0142ugotrwa\u0142ej opieki lub pomocy innej osoby w zwi\u0105zku ze znacznie ograniczon\u0105 mo\u017cliwo\u015bci\u0105 samodzielnej egzystencji oraz konieczno\u015bci sta\u0142ego wsp\u00f3\u0142udzia\u0142u na\u00a0co dzie\u0144 opiekuna dziecka w procesie jego leczenia, rehabilitacji i edukacji<\/li><li>os\u00f3b niepe\u0142nosprawnych posiadaj\u0105cych orzeczenie o znacznym lub umiarkowanym stopniu niepe\u0142nosprawno\u015bci wydane na podstawie ustawy z dnia 27 sierpnia 1997 r. o rehabilitacji zawodowej i spo\u0142ecznej oraz zatrudnianiu os\u00f3b niepe\u0142nosprawnych albo orzeczenie r\u00f3wnowa\u017cne do wy\u017cej wymienionego.<\/li><\/ul><p>Pomoc w postaci us\u0142ug asystenta, b\u0119dzie w szczeg\u00f3lno\u015bci polega\u0107 na:<\/p><ul><li>wyj\u015bciu, powrocie lub dojazdach w wybrane przez uczestnika Programu miejsce (np. dom, praca, plac\u00f3wki o\u015bwiatowe i szkoleniowe, \u015bwi\u0105tynie, plac\u00f3wki s\u0142u\u017cby zdrowia i\u00a0rehabilitacyjne, gabinety lekarskie i terapeutyczne, urz\u0119dy, znajomi, rodzina, instytucje finansowe, wydarzenia kulturalne, rozrywkowe, spo\u0142eczne lub sportowe);<\/li><li>zakupach, z zastrze\u017ceniem aktywnego udzia\u0142u uczestnika Programu przy ich realizacji;<\/li><li>za\u0142atwianiu spraw urz\u0119dowych;<\/li><li>nawi\u0105zaniu kontaktu\/wsp\u00f3\u0142pracy z r\u00f3\u017cnego rodzaju organizacjami;<\/li><li>korzystaniu z d\u00f3br kultury (np. muzeum, teatr, kino, galerie sztuki, wystawy);<\/li><li>wykonywaniu czynno\u015bci dnia codziennego \u2013 w tym przez dzieci z orzeczeniem o\u00a0niepe\u0142nosprawno\u015bci \u2013 tak\u017ce w zaprowadzaniu i przyprowadzaniu ich do lub z plac\u00f3wki o\u015bwiatowej.<\/li><\/ul><p>Realizacja Programu pozwoli na kontynuacj\u0119 \u015bwiadczenia us\u0142ug, kt\u00f3re ciesz\u0105 si\u0119 ogromnym zainteresowaniem w\u015br\u00f3d os\u00f3b z niepe\u0142nosprawno\u015bci\u0105, mieszkaj\u0105cych na terenie D\u0105browa G\u00f3rnicza. Bezpo\u015brednim operatorem przy realizacji programu jest podmiot wybrany w drodze konkursu ofert,\u00a0 Sp\u00f3\u0142dzielnia Socjalna \u201eJasne, \u017ce zmiana\u201d, kt\u00f3ra obejmie wsparciem 30 os\u00f3b doros\u0142ych z niepe\u0142nosprawno\u015bci\u0105, w tym w 70% b\u0119da to osoby z niepe\u0142nosprawno\u015bci\u0105 znaczn\u0105, niepe\u0142nosprawno\u015bciami sprz\u0119\u017conymi i trudno\u015bciami zwi\u0105zanymi z mobilno\u015bci\u0105 i komunikacj\u0105, wymagaj\u0105ce wysokiego poziomu wsparcia oraz 1 dziecko do lat 16 z orzeczeniem niepe\u0142nosprawno\u015bci \u0142\u0105cznie ze wskazaniami konieczno\u015bci sta\u0142ej lub d\u0142ugoterminowej opieki lub pomocy innej osoby<\/p><p>W celu skorzystania ze wsparcia w ramach Programu nale\u017cy kontaktowa\u0107 si\u0119 z\u00a0pracownikami Miejskiego O\u015brodka Pomocy Spo\u0142ecznej w D\u0105browie G\u00f3rniczej pod numerem telefonu <strong>32 262 40 40<\/strong><\/p><p>lub bezpo\u015brednio z koordynatorem ze strony Sp\u00f3\u0142dzielni Socjalnej \u2013 tel: <strong>519 729 134<\/strong><\/p>\t\t\t\t\t\t<\/div>\n\t\t\t\t<\/div>\n\t\t\t\t\t<\/div>\n\t\t<\/div>\n\t\t\t\t\t<\/div>\n\t\t<\/section>\n\t\t\t\t<\/div>\n\t\t","protected":false},"excerpt":{"rendered":"<p>DOFINANSOWANO ZE \u015aRODK\u00d3WFUNDUSZU SOLIDARNO\u015aCIOWEGO&#8222;Asystent osobisty osoby niepe\u0142nosprawnej&#8221; edycja 2021FUNDUSZU SOLIDARNO\u015aCIOWEGO&#8222;Opieka wytchnieniowa&#8221; edycja 2021 W ramach resortowego Programu Ministra Rodziny i Polityki Spo\u0142ecznej pt. \u201cAsystent osobisty osoby niepe\u0142nosprawnej\u201d \u2013 edycja 2021\u201d Gmina D\u0105browa G\u00f3rnicza otrzyma\u0142a dofinansowanie ze \u015brodk\u00f3w pochodz\u0105cych z Funduszu Solidarno\u015bciowego na realizacj\u0119 dzia\u0142a\u0144 w ramach programu na jej terenie. Program realizowany jest od sierpnia &hellip; <\/p>\n<p class=\"link-more\"><a href=\"https:\/\/jasnezezmiana.pl\/index.php\/program-asystent-osobisty-osoby-niepelnosprawnej-edycja-2021-dabrowa-gornicza\/\" class=\"more-link\">Czytaj dalej<span class=\"screen-reader-text\"> Program &#8222;Asystent osobisty osoby niepe\u0142nosprawnej&#8221;- edycja 2021 D\u0105browa G\u00f3rnicza<\/span><\/a><\/p>\n","protected":false},"author":1,"featured_media":0,"parent":0,"menu_order":0,"comment_status":"closed","ping_status":"closed","template":"","meta":{"footnotes":""},"_links":{"self":[{"href":"https:\/\/jasnezezmiana.pl\/index.php\/wp-json\/wp\/v2\/pages\/207"}],"collection":[{"href":"https:\/\/jasnezezmiana.pl\/index.php\/wp-json\/wp\/v2\/pages"}],"about":[{"href":"https:\/\/jasnezezmiana.pl\/index.php\/wp-json\/wp\/v2\/types\/page"}],"author":[{"embeddable":true,"href":"https:\/\/jasnezezmiana.pl\/index.php\/wp-json\/wp\/v2\/users\/1"}],"replies":[{"embeddable":true,"href":"https:\/\/jasnezezmiana.pl\/index.php\/wp-json\/wp\/v2\/comments?post=207"}],"version-history":[{"count":8,"href":"https:\/\/jasnezezmiana.pl\/index.php\/wp-json\/wp\/v2\/pages\/207\/revisions"}],"predecessor-version":[{"id":954,"href":"https:\/\/jasnezezmiana.pl\/index.php\/wp-json\/wp\/v2\/pages\/207\/revisions\/954"}],"wp:attachment":[{"href":"https:\/\/jasnezezmiana.pl\/index.php\/wp-json\/wp\/v2\/media?parent=207"}],"curies":[{"name":"wp","href":"https:\/\/api.w.org\/{rel}","templated":true}]}}